{"id":10,"date":"2025-01-03T21:32:06","date_gmt":"2025-01-03T21:32:06","guid":{"rendered":"https:\/\/zumbaslp.com\/?page_id=10"},"modified":"2025-01-06T19:54:59","modified_gmt":"2025-01-06T19:54:59","slug":"zumba-la-pachanga","status":"publish","type":"page","link":"https:\/\/zumbaslp.com\/","title":{"rendered":"Zumba La Pachanga"},"content":{"rendered":"<h2>Zumba \u00abLa Pachanga\u00bb<\/h2>\n<p>\t\t\t\t\t\t\t\t\t\t\t\t\t\t\t<img fetchpriority=\"high\" decoding=\"async\" width=\"720\" height=\"720\" src=\"https:\/\/zumbaslp.com\/wp-content\/uploads\/2025\/01\/WhatsApp-Image-2023-12-29-at-2.44.50-PM.jpeg\" alt=\"\" srcset=\"https:\/\/zumbaslp.com\/wp-content\/uploads\/2025\/01\/WhatsApp-Image-2023-12-29-at-2.44.50-PM.jpeg 720w, https:\/\/zumbaslp.com\/wp-content\/uploads\/2025\/01\/WhatsApp-Image-2023-12-29-at-2.44.50-PM-300x300.jpeg 300w, https:\/\/zumbaslp.com\/wp-content\/uploads\/2025\/01\/WhatsApp-Image-2023-12-29-at-2.44.50-PM-150x150.jpeg 150w, https:\/\/zumbaslp.com\/wp-content\/uploads\/2025\/01\/WhatsApp-Image-2023-12-29-at-2.44.50-PM-100x100.jpeg 100w\" sizes=\"(max-width: 720px) 100vw, 720px\" \/>\t\t\t\t\t\t\t\t\t\t\t\t\t\t\t<\/p>\n<h2>Prolongaci\u00f3n Anahuac Norte #42.<br \/>Barrio de Santiago<br \/>San Luis Potosi, S.L.P.<\/h2>\n<p>\t\t\t\t\t\t\t\t\t\t\t\t\t\t\t<img decoding=\"async\" width=\"1024\" height=\"513\" src=\"https:\/\/zumbaslp.com\/wp-content\/uploads\/2025\/01\/zumbadir-1024x513.jpg\" alt=\"\" srcset=\"https:\/\/zumbaslp.com\/wp-content\/uploads\/2025\/01\/zumbadir-1024x513.jpg 1024w, https:\/\/zumbaslp.com\/wp-content\/uploads\/2025\/01\/zumbadir-300x150.jpg 300w, https:\/\/zumbaslp.com\/wp-content\/uploads\/2025\/01\/zumbadir-768x385.jpg 768w, https:\/\/zumbaslp.com\/wp-content\/uploads\/2025\/01\/zumbadir.jpg 1295w\" sizes=\"(max-width: 1024px) 100vw, 1024px\" \/>\t\t\t\t\t\t\t\t\t\t\t\t\t\t\t<\/p>\n<h2>Para todos, porque el tama\u00f1o no importa. Cada clase de Zumba est\u00e1 dise\u00f1ada para divertirse y bailar.<\/h2>\n<h2>El entrenamiento no tiene por qu\u00e9 ser tedioso, fusionamos movimientos de alta y baja intensidad para que disfrutes de un acondicionamieto fisico y quemar calorias.<\/h2>\n<h2>Un entrenamiento completo que combina todos los elementos del acondicionamiento fisico<\/h2>\n<p>\t\t\t\t\t\t\t\t\t\t\t\t\t\t\t<img decoding=\"async\" width=\"720\" height=\"720\" src=\"https:\/\/zumbaslp.com\/wp-content\/uploads\/2025\/01\/66499413_855535644816018_1282789839485272064_n.jpg\" alt=\"\" srcset=\"https:\/\/zumbaslp.com\/wp-content\/uploads\/2025\/01\/66499413_855535644816018_1282789839485272064_n.jpg 720w, https:\/\/zumbaslp.com\/wp-content\/uploads\/2025\/01\/66499413_855535644816018_1282789839485272064_n-300x300.jpg 300w, https:\/\/zumbaslp.com\/wp-content\/uploads\/2025\/01\/66499413_855535644816018_1282789839485272064_n-150x150.jpg 150w, https:\/\/zumbaslp.com\/wp-content\/uploads\/2025\/01\/66499413_855535644816018_1282789839485272064_n-100x100.jpg 100w\" sizes=\"(max-width: 720px) 100vw, 720px\" \/><br \/>\n\t\t\t\t\t\t\t\t\t\t\t\t\t\t\t<img loading=\"lazy\" decoding=\"async\" width=\"1024\" height=\"768\" src=\"https:\/\/zumbaslp.com\/wp-content\/uploads\/2025\/01\/zumba3-1024x768.jpg\" alt=\"\" srcset=\"https:\/\/zumbaslp.com\/wp-content\/uploads\/2025\/01\/zumba3-1024x768.jpg 1024w, https:\/\/zumbaslp.com\/wp-content\/uploads\/2025\/01\/zumba3-300x225.jpg 300w, https:\/\/zumbaslp.com\/wp-content\/uploads\/2025\/01\/zumba3-768x576.jpg 768w, https:\/\/zumbaslp.com\/wp-content\/uploads\/2025\/01\/zumba3-1536x1152.jpg 1536w, https:\/\/zumbaslp.com\/wp-content\/uploads\/2025\/01\/zumba3.jpg 1600w\" sizes=\"(max-width: 1024px) 100vw, 1024px\" \/><br \/>\n\t\t\t\t\t\t\t\t\t\t\t\t\t\t\t<img loading=\"lazy\" decoding=\"async\" width=\"1024\" height=\"768\" src=\"https:\/\/zumbaslp.com\/wp-content\/uploads\/2025\/01\/zumba2-1024x768.jpg\" alt=\"\" srcset=\"https:\/\/zumbaslp.com\/wp-content\/uploads\/2025\/01\/zumba2-1024x768.jpg 1024w, https:\/\/zumbaslp.com\/wp-content\/uploads\/2025\/01\/zumba2-300x225.jpg 300w, https:\/\/zumbaslp.com\/wp-content\/uploads\/2025\/01\/zumba2-768x576.jpg 768w, https:\/\/zumbaslp.com\/wp-content\/uploads\/2025\/01\/zumba2-1536x1152.jpg 1536w, https:\/\/zumbaslp.com\/wp-content\/uploads\/2025\/01\/zumba2.jpg 1600w\" sizes=\"(max-width: 1024px) 100vw, 1024px\" \/><br \/>\n\t\t\t\t\t\t\t\t\t\t\t\t\t\t\t<img loading=\"lazy\" decoding=\"async\" width=\"1024\" height=\"768\" src=\"https:\/\/zumbaslp.com\/wp-content\/uploads\/2025\/01\/WhatsApp-Image-2023-12-29-at-2.44.51-PM-2-1024x768.jpeg\" alt=\"\" srcset=\"https:\/\/zumbaslp.com\/wp-content\/uploads\/2025\/01\/WhatsApp-Image-2023-12-29-at-2.44.51-PM-2-1024x768.jpeg 1024w, https:\/\/zumbaslp.com\/wp-content\/uploads\/2025\/01\/WhatsApp-Image-2023-12-29-at-2.44.51-PM-2-300x225.jpeg 300w, https:\/\/zumbaslp.com\/wp-content\/uploads\/2025\/01\/WhatsApp-Image-2023-12-29-at-2.44.51-PM-2-768x576.jpeg 768w, https:\/\/zumbaslp.com\/wp-content\/uploads\/2025\/01\/WhatsApp-Image-2023-12-29-at-2.44.51-PM-2.jpeg 1080w\" sizes=\"(max-width: 1024px) 100vw, 1024px\" \/><br \/>\n\t\t\t\t\t\t\t\t\t\t\t\t\t\t\t<img loading=\"lazy\" decoding=\"async\" width=\"1024\" height=\"768\" src=\"https:\/\/zumbaslp.com\/wp-content\/uploads\/2025\/01\/WhatsApp-Image-2023-12-29-at-2.44.50-PM-1.jpeg\" alt=\"\" srcset=\"https:\/\/zumbaslp.com\/wp-content\/uploads\/2025\/01\/WhatsApp-Image-2023-12-29-at-2.44.50-PM-1.jpeg 1024w, https:\/\/zumbaslp.com\/wp-content\/uploads\/2025\/01\/WhatsApp-Image-2023-12-29-at-2.44.50-PM-1-300x225.jpeg 300w, https:\/\/zumbaslp.com\/wp-content\/uploads\/2025\/01\/WhatsApp-Image-2023-12-29-at-2.44.50-PM-1-768x576.jpeg 768w\" sizes=\"(max-width: 1024px) 100vw, 1024px\" \/><\/p>\n","protected":false},"excerpt":{"rendered":"<p>Zumba \u00abLa Pachanga\u00bb Prolongaci\u00f3n Anahuac Norte #42.Barrio de SantiagoSan Luis Potosi, S.L.P. Para todos, porque el tama\u00f1o no importa. Cada clase de Zumba est\u00e1 dise\u00f1ada para divertirse y bailar. El entrenamiento no tiene por qu\u00e9 ser tedioso, fusionamos movimientos de alta y baja intensidad para que disfrutes de un acondicionamieto fisico y quemar calorias. Un [&hellip;]<\/p>\n","protected":false},"author":1,"featured_media":0,"parent":0,"menu_order":0,"comment_status":"closed","ping_status":"closed","template":"elementor_canvas","meta":{"footnotes":""},"class_list":["post-10","page","type-page","status-publish","hentry"],"_links":{"self":[{"href":"https:\/\/zumbaslp.com\/index.php\/wp-json\/wp\/v2\/pages\/10","targetHints":{"allow":["GET"]}}],"collection":[{"href":"https:\/\/zumbaslp.com\/index.php\/wp-json\/wp\/v2\/pages"}],"about":[{"href":"https:\/\/zumbaslp.com\/index.php\/wp-json\/wp\/v2\/types\/page"}],"author":[{"embeddable":true,"href":"https:\/\/zumbaslp.com\/index.php\/wp-json\/wp\/v2\/users\/1"}],"replies":[{"embeddable":true,"href":"https:\/\/zumbaslp.com\/index.php\/wp-json\/wp\/v2\/comments?post=10"}],"version-history":[{"count":21,"href":"https:\/\/zumbaslp.com\/index.php\/wp-json\/wp\/v2\/pages\/10\/revisions"}],"predecessor-version":[{"id":76,"href":"https:\/\/zumbaslp.com\/index.php\/wp-json\/wp\/v2\/pages\/10\/revisions\/76"}],"wp:attachment":[{"href":"https:\/\/zumbaslp.com\/index.php\/wp-json\/wp\/v2\/media?parent=10"}],"curies":[{"name":"wp","href":"https:\/\/api.w.org\/{rel}","templated":true}]}}